when 13 is divided by (-4 + x)*(-14)/(-2).
6
Suppose 3*q = 15 - 6, 0 = -3*x + 3*q + 39. Suppose 5*y = 19 + 6. Let i(f) = -f**2 + 7*f - 4. What is the remainder when x is divided by i(y)?
4
Suppose 4*v - v - 29 = 4*g, 0 = 3*v + 3*g - 15. What is the remainder when 12 is divided by v?
5
Suppose 1 = -u - s - 0, 0 = -4*u + s + 1. What is the remainder when 101 is divided by 24 - (1 - u - 3)?
23
Let t(j) = 2*j - 14. Calculate the remainder when t(10) is divided by 18/(-15)*(-5)/2.
0
Suppose -c = -5*j - 16, 18 = c - 4*j - 2. What is the remainder when c is divided by 13?
10
Let y be (4 - 0)*6/6. Let m(f) = -f**3 + 6*f**2 - 3. Let j be m(5). Suppose 2*b = j - y. Calculate the remainder when 26 is divided by b.
8
Let m = 1 + 5. What is the remainder when 2/6 + 52/m is divided by 6?
3
Suppose 2*u - 18 = n, 3*u - 2*n - 33 = n. What is the remainder when 32 is divided by u?
4
Suppose b = -2*b. Suppose -4*p - 4*k + 2*k + 52 = b, -3*p - k = -38. Suppose 10 = 5*f, 2*z + 4*f - 84 = -32. Calculate the remainder when z is divided by p.
10
Let v be (2 - 6)/(1/1). Suppose 4*m - 2*q - 32 = 0, 2*m = 2*q + 17 - 1. Calculate the remainder when m is divided by (-91)/(-21) - v/6.
3
Let r = 74 - 1. Suppose -8*s + 5*f = -3*s - 140, -2*f = s - 19. Calculate the remainder when r is divided by s.
23
Suppose 3*n - 46 = -2*f - 0*n, 0 = -5*n + 20. Suppose -q + 4*q - 9 = 3*b, 5*b + 5*q = 15. Suppose j - 9 = -b*j. What is the remainder when f is divided by j?
8
Calculate the remainder when (-2 - -1)/(2/(-26)) is divided by 5.
3
Let x be (-4)/(-6) + 6/(-9). Suppose 2*p = -3*r + 1, x = -4*p - 3*r - 4 - 3. What is the remainder when 28 is divided by ((-30)/p)/((-6)/(-8))?
8
Suppose -26 = -2*u - 5*x, -x + 3 + 1 = 0. Calculate the remainder when (-9)/30*140/(-24)*4 is divided by u.
1
Calculate the remainder when 52 is divided by (16 - -6) + (-8)/2.
16
Calculate the remainder when 42 is divided by 8 + 4/(5 + -1).
6
Suppose 3*j + 3*v = 285, 178 = 4*j - 2*j + 5*v. What is the remainder when j is divided by 34?
31
Suppose -4*y - n = -7, 5*n = 3*n + 6. Let v = 49 + -7. Calculate the remainder when v is divided by y/(-4) + 90/8.
9
Suppose -4*p + 2*w + 130 = 0, 0 - 98 = -3*p + 2*w. Calculate the remainder when 122 is divided by p.
26
Suppose 5*m = 3*s - 2, -2*m + 8 + 0 = s. Let b be 3/2*s/(-6). What is the remainder when b - (-3*3 - 2) is divided by 6?
4
Let d(q) = -q**3 - 3*q**2 + 2*q - 3. Suppose 0 = -2*t - 0*t - 2*o, -3*o + 24 = -3*t. Let a = t + 11. What is the remainder when a is divided by d(-4)?
2
Suppose -5*h + 103 - 30 = 3*u, -h + 2*u + 25 = 0. What is the remainder when h is divided by 10?
7
Suppose -3*q + 206 + 31 = 0. What is the remainder when q is divided by 27?
25
Suppose -19 = -p + 5*c, -3*p + 5*c = 4*c - 29. Calculate the remainder when 31 is divided by p.
4
Let h(x) = 2*x**2 - 5*x - 2. Suppose 131 = 16*u + 3. What is the remainder when h(5) is divided by u?
7
Let d be (1 - 2) + 0 - -2. Let l = -39 - -43. Let f = l - d. What is the remainder when f is divided by 2?
1
Let w(c) = -c**3 + c**2 - c + 18. Let q = -20 + 20. Calculate the remainder when w(q) is divided by 10.
8
Suppose 4*c + 5*a - 410 = 3*a, -2*c = 5*a - 193. Calculate the remainder when c is divided by 21.
20
Let w = 13 - -18. Let a(o) = o**3 - 2*o**2 - 5*o + 4. Calculate the remainder when w is divided by a(4).
15
Suppose -31 = -5*i + 34. What is the remainder when i is divided by 3?
1
Let i = -19 + 9. Let p = i - -6. Calculate the remainder when (-1)/p - 525/(-12) is divided by 15.
14
Suppose -t + 60 = 2*o, 4*t + 70 = o + o. What is the remainder when o is divided by 8?
7
Suppose 3*n - 16 = -1, n - 19 = -2*d. Calculate the remainder when d is divided by 3.
1
Suppose 81 = n - 46. Let z = -83 + n. Calculate the remainder when z is divided by 15.
14
Let y(d) = -d**2 + 15*d + 21. Calculate the remainder when 102 is divided by y(15).
18
Let o = -16 - -15. Calculate the remainder when o*74*(-3)/6 is divided by 13.
11
Suppose -5*m + 23 = -4*m - 2*u, -2*u = 2*m - 58. Suppose 12 = -3*y, t + y = 5*t - 32. Calculate the remainder when m is divided by t.
6
Suppose -2*z + 3*s = -52, s = -2*z + 3*s + 48. Suppose -5*o = -130 + z. What is the remainder when o is divided by 6?
4
Let s(z) = 0*z + 0 - 2 + z. Let o be s(4). Suppose 4*v + 3 = -n, n - 3 = o*v + 18. Calculate the remainder when 25 is divided by n.
12
Suppose -3*p + 4*k + 190 = 18, -4*k = -4*p + 224. Calculate the remainder when p is divided by 20.
12
Let h(y) = -y**2 - 5*y + 2. Let f be h(-6). Let k = 26 - f. Let x = -25 + 41. Calculate the remainder when k is divided by x.
14
Let f = -7 + 14. Let j(p) = -4*p - 18. Let h(g) = -2*g - 9. Let i(d) = -11*h(d) + 6*j(d). Calculate the remainder when f is divided by i(-6).
1
Let n(d) = d**2 + 5*d - 3. Let k be n(7). Suppose -4*r = -3*s - 47 - k, -2*s + 4*r - 92 = 0. Let p = s + 78. What is the remainder when p is divided by 22?
20
Let n(a) = -a**2 - 11*a + 3. Let f be n(-5). Suppose 4*m - f = -t, 4*t + m - 94 + 22 = 0. What is the remainder when t is divided by 6?
5
Let m be ((-4)/(-6))/((-10)/(-45)). Let a(u) = 67*u**2 + u. Let p be a(1). Suppose m*r - p = -r. Calculate the remainder when 50 is divided by r.
16
Suppose 5*a + 5*v - 45 = 0, -3*a - v + 18 = 1. Suppose w + 6 = 3*u, -5*w + 3*w = u - 9. Calculate the remainder when a is divided by w.
1
Let y(u) = -u. Let i(z) = 15*z**2 + 2*z - 2. Let c(v) = i(v) + 3*y(v). What is the remainder when c(2) is divided by 19?
18
Let w(n) = -2*n. Let j be w(3). Let k(a) be the first derivative of a**3/3 + 2*a**2 - 7*a + 3. Calculate the remainder when 13 is divided by k(j).
3
Suppose 55 = 2*m + 3*m. Suppose -4*g + 13 = 2*c - 63, -5*g = -3*c - 106. Calculate the remainder when g is divided by m.
9
Calculate the remainder when ((-37)/3)/(12/(-72)) is divided by 19.
17
Let m(v) = 2*v + 6. Suppose -11 - 4 = -5*q. Let i(r) = 5*r - 5. What is the remainder when m(6) is divided by i(q)?
8
Let h = 15 - 0. What is the remainder when 163 is divided by h?
13
Let h(v) = -14*v + 1. Let s(i) = -2*i + 4. Let k be s(-2). Suppose 0 = -4*o - k, 39 + 54 = 3*t - 3*o. What is the remainder when h(-6) is divided by t?
27
Suppose -3*k + 2 = -4. Suppose k*o - 6*o = -16. Calculate the remainder when o is divided by 2.
0
Let t = 6 + -4. Suppose 3*n = 4*n - 4. Suppose -i + g - 1 = 0, -3*g = i + n*i - 35. Calculate the remainder when i is divided by t.
0
Let y(t) = 23*t**2 - t. Calculate the remainder when y(1) is divided by 8.
6
Suppose 3*c - t = 100, -c - 3*t + 19 = -31. What is the remainder when c is divided by 13?
9
Let u(b) = -2*b - 19. Calculate the remainder when 3 is divided by u(-10).
0
Let x(w) = -w**3 + 6*w**2 - 6*w + 4. Suppose -4 = 3*b - b - 2*k, 0 = 2*k - 6. Let f = b - -3. Calculate the remainder when 34 is divided by x(f).
10
Let c = 43 - 21. Calculate the remainder when c is divided by 6.
4
Let g(p) = p**3 - 5*p**2 - 8*p - 7. Suppose -2*k + 5*k - 21 = 0. Suppose 14 + 58 = 4*q. Calculate the remainder when g(k) is divided by q.
17
Calculate the remainder when (-3 - -2 - -2)/(1/39) is divided by 14.
11
Suppose 5*u - z - 29 = 5, -u + z = -10. Calculate the remainder when 16 is divided by u.
4
Suppose 0 = -2*y + n + 141, -5*n + 85 = 3*y - 107. What is the remainder when y is divided by 18?
15
Let m be (-4 + 2)/(4/6). Let f(a) = a**3 - 5*a - 4. Let c be f(m). Let k = 26 + c. What is the remainder when 18 is divided by k?
8
Suppose 3*s = 137 + 37. What is the remainder when s is divided by 15?
13
Let v = -4 - -7. What is the remainder when 4/3*120/16 is divided by v?
1
What is the remainder when 55 is divided by (435/45)/((-1)/(-3))?
26
Let q = -4 - -6. Suppose 0 = -f - q*f. Suppose -5*x + 101 = 4*d, 5*d + f*x = -4*x + 115. What is the remainder when d is divided by 7?
5
Suppose -4*x = -2*q - 12, 2*q + 0*q + 5*x + 12 = 0. Let b = q - -8. Suppose -b*h = -s - 7 - 1, -h - s - 2 = 0. Calculate the remainder when 5 is divided by h.
1
Suppose 4*h - 5*h = -17. Calculate the remainder when h is divided by 10.
7
Suppose 6*k - k = 50. What is the remainder when 33 is divided by k?
3
Let q(v) = -14*v - 17. What is the remainder when q(-7) is divided by 28?
25
Let p be (1 + (-3)/9)*3. Let s(b) = 6*b**p + b**3 + 3*b - b**2 + 3 + 0*b**3. What is the remainder when 34 is divided by s(-3)?
10
What is the remai